rue
Is 975371471 prime?
False
Is 4029677 prime?
True
Is 132863251 composite?
True
Is 3251159 composite?
False
Is 42114911 a composite number?
False
Is 318905 composite?
True
Is 4580897 prime?
True
Is 73883629 prime?
False
Is 4501457 composite?
True
Is 3885863 prime?
False
Is 61011421 prime?
True
Is 2441083 composite?
False
Is 11927353 prime?
False
Is 8195305 composite?
True
Is 17491261 a prime number?
True
Is 74671 composite?
True
Is 218197439 composite?
False
Is 86221 composite?
True
Is 246757 composite?
True
Is 28338701 a prime number?
True
Is 74391259 prime?
True
Is 28686433 composite?
True
Is 1699897 a prime number?
True
Is 73287829 composite?
True
Is 5930143 composite?
False
Is 11853623 a composite number?
True
Is 3516907 prime?
False
Is 668555347 prime?
False
Is 110110031 composite?
True
Is 23689261 prime?
True
Is 76736879 a prime number?
False
Is 172874447 prime?
False
Is 31481333 a prime number?
False
Is 48968069 composite?
False
Is 1073397461 a prime number?
True
Is 315941 prime?
False
Is 8234519 prime?
True
Is 484927 a composite number?
False
Is 667063 prime?
False
Is 51874493 a composite number?
True
Is 1459961 prime?
False
Is 101323 prime?
True
Is 2009107 a prime number?
True
Is 506513998 a composite number?
True
Is 11498567 a prime number?
False
Is 5160767 composite?
False
Is 31518961 prime?
True
Is 13375783 composite?
False
Is 316121 a prime number?
False
Is 77831983 prime?
True
Is 33950729 a prime number?
True
Is 2336969 composite?
False
Is 124640482 composite?
True
Is 20486045 composite?
True
Is 6971759 prime?
False
Is 1585994977 a prime number?
False
Is 4137629 a composite number?
False
Is 59219239 prime?
False
Is 1531619 composite?
False
Is 92704631 a composite number?
False
Is 28056161 composite?
True
Is 4618297 composite?
True
Is 20787951 prime?
False
Is 16746623 a composite number?
False
Is 270635587 composite?
False
Is 413424163 a composite number?
False
Is 8042633 composite?
False
Is 51353149 prime?
True
Is 173731969 a prime number?
True
Is 87131713 composite?
True
Is 12963407 composite?
False
Is 39991691 a composite number?
True
Is 95162923 a prime number?
False
Is 81267383 prime?
True
Is 23921213 prime?
True
Is 167513 composite?
True
Is 348149 a prime number?
True
Is 49110339 prime?
False
Is 74281 a composite number?
True
Is 3320341 a composite number?
False
Is 15392969 composite?
False
Is 686131 prime?
True
Is 25563121 a composite number?
True
Is 23173835 a prime number?
False
Is 1607119 composite?
True
Is 1883341 a composite number?
False
Is 1516987 a composite number?
False
Is 114299483 composite?
True
Is 5590537 prime?
True
Is 1927207 prime?
False
Is 293165095 a composite number?
True
Is 7722973 prime?
False
Is 171215255 a prime number?
False
Is 3988741 a composite number?
True
Is 829069 a composite number?
False
Is 12923123 a prime number?
True
Is 118572667 a composite number?
False
Is 4936619 a prime number?
True
Is 13167127 a composite number?
True
Is 41186621 composite?
True
Is 93717973 prime?
True
Is 799633 composite?
False
Is 111895951 prime?
True
Is 84735083 composite?
False
Is 77875865 composite?
True
Is 56446343 a composite number?
True
Is 4322933 a prime number?
False
Is 4370687 a prime number?
True
Is 56198 a prime number?
False
Is 1998317 composite?
True
Is 20069083 prime?
True
Is 271981 composite?
False
Is 74519441 prime?
True
Is 9179887 prime?
True
Is 1051949 a prime number?
True
Is 1190611 prime?
True
Is 775918799 a prime number?
False
Is 173983 prime?
False
Is 54175777 a prime number?
True
Is 17920307 prime?
False
Is 5612279 a prime number?
False
Is 1856572177 composite?
False
Is 15925691 a composite number?
False
Is 36964877 a prime number?
False
Is 41486197 a prime number?
True
Is 65323523 a composite number?
True
Is 1713367 prime?
False
Is 44792837 prime?
True
Is 433358 composite?
True
Is 585535903 a prime number?
False
Is 25405987 prime?
True
Is 267544709 prime?
False
Is 5498503 prime?
False
Is 25726801 a composite number?
False
Is 41370899 a prime number?
False
Is 154085846 composite?
True
Is 77844077 a prime number?
True
Is 110504593 a prime number?
True
Is 75903 a composite number?
True
Is 37318289 a composite number?
False
Is 236144177 composite?
False
Is 7373447 prime?
True
Is 42225083 composite?
False
Is 6932109 composite?
True
Is 5516149 composite?
False
Is 25893311 composite?
False
Is 187500739 a composite number?
False
Is 181863811 composite?
False
Is 1245118079 composite?
False
Is 13505659 a composite number?
True
Is 161303 a composite number?
False
Is 55256335 a composite number?
True
Is 21607297 a prime number?
False
Is 13183319 a prime number?
True
Is 627103355 a prime number?
False
Is 1051633 a composite number?
True
Is 4633651 prime?
False
Is 82591757 a prime number?
False
Is 29474761 a prime number?
False
Is 4664389 a composite number?
True
Is 12344803 prime?
True
Is 45809467 composite?
True
Is 10501987 a composite number?
False
Is 553770653 prime?
True
Is 119697899 prime?
False
Is 7854151 composite?
False
Is 221907199 prime?
True
Is 648147491 composite?
True
Is 671981 a composite number?
False
Is 3795853 a composite number?
False
Is 15612427 prime?
True
Is 64980427 a prime number?
True
Is 19017941 a composite number?
True
Is 317453 composite?
False
Is 547951 prime?
True
Is 6059941 a composite number?
False
Is 820279 prime?
True
Is 2218333 a composite number?
True
Is 17264663 prime?
False
Is 25598687 prime?
True
Is 207356099 a prime number?
True
Is 770227 a composite number?
False
Is 204684002 a prime number?
False
Is 44805773 composite?
True
Is 50730217 a prime number?
True
Is 62458309 a prime number?
True
Is 9856565 a composite number?
True
Is 2577911 composite?
True
Is 5596813 prime?
True
Is 96545281 a prime number?
False
Is 39708931 a prime number?
False
Is 1847857 a composite number?
True
Is 187228423 a prime number?
False
Is 17293943 a composite number?
False
Is 22437983 a prime number?
True
Is 768718 a prime number?
False
Is 6353909 prime?
True
Is 21080249 a prime number?
True
Is 65331691 prime?
True
Is 56165573 a composite number?
False
Is 11115089 prime?
False
Is 21053323 prime?
True
Is 61298401 a prime number?
True
Is 10893427 composite?
False
Is 1760989 a composite number?
True
Is 1878341 a prime number?
False
Is 3017947 prime?
True
Is 1053109 prime?
False
Is 22393907 composite?
False
Is 19012427 composite?
True
Is 11555201 a prime number?
False
Is 5050879 prime?
False
Is 3083581 a prime number?
True
Is 5595043 composite?
False
Is 1636001 a prime number?
True
Is 6133385 a prime number?
False
Is 5835091 a prime number?
False
Is 143987411 composite?
True
Is 105041291 composite?
True
Is 32816338 prime?
False
Is 59824201 a composite number?
True
Is 5348507 a composite number?
False
Is 41875037 a composite number?
True
Is 152549457 composite?
True
Is 16791731 composite?
True
Is 21779 a prime number?
False
Is 54605171 a composite number?
False
Is 4407571 composite?
True
Is 686639 a composite number?
False
Is 1097783 composite?
False
Is 162535801 prime?
True
Is 26129947 prime?
True
Is 18046414 prime?
False
Is 5372287 prime?
False
Is 1926823 composite?
True
Is 28266143 composite?
True
Is 360221 a prime number?
False
Is 28919369 a composite number?
True
Is 865924277 composite?
False
Is 5391937 prime?
True
Is 2639587 composite?
False
Is 5691403 a prime number?
True
Is 277632733 composite?
True
Is 369975409 prime?
True
Is 2758499 a prime number?
True
Is 2317897 composite?
True
Is 818239 a prime number?
True
Is 37509118 a composite number?
True
Is 7810697 composite?
False
Is 50379031 a prime number?
True
Is 2912839 a composite number?
False
Is 135447701 a composite number?
True
Is 5736001 a composite number?
False
Is 1000087 prime?
False
Is 13899329 a prime number?
True
Is 485917 a prime number?
False
Is 12751087 prime?
True
Is 4091999 a prime number?
False
Is 4357721 prime?
True
Is 61509219 prime?
False
Is 184359437 a composite number?
True
Is 3758341 prime?
True
Is 5808821 a composite number?
True
Is 6388417 prime?
False
Is 10499633 a composite number?
False
Is 10559 a prime number?
True
Is 8581489 prime?
False
Is 1060027 a prime number?
False
Is 1235867 composite?
False
Is 10583041 prime?
False
Is 6554453 composite?
False
Is 6965507 composite?
False
Is 495769 prime?
True
I